{"id":5020,"date":"2015-05-23T08:27:57","date_gmt":"2015-05-23T08:27:57","guid":{"rendered":"http:\/\/webnus.biz\/themes\/churchsuite\/?page_id=5020"},"modified":"2023-07-11T21:18:38","modified_gmt":"2023-07-11T19:18:38","slug":"home-1","status":"publish","type":"page","link":"http:\/\/www.sandomenicoabate.it\/sito\/","title":{"rendered":"Home"},"content":{"rendered":"[vc_row row_type=&#8221;1&#8243;][vc_column 0=&#8221;&#8221;][rev_slider_vc alias=&#8221;home&#8221;][\/vc_column][\/vc_row][vc_row row_type=&#8221;2&#8243; blox_padding_top=&#8221;30&#8243; blox_padding_bottom=&#8221;45&#8243; blox_dark=&#8221;true&#8221; blox_bgcolor=&#8221;#202020&#8243;][vc_column 0=&#8221;&#8221;]\t<div class=\"container countdown-wrapper\">\r\n\t\t\t\t\t<div class=\"col-md-12 col-sm-12\">\r\n\t\t\t\t<h3 class=\"countdown-message btn-wrapper\">NESSUN EVENTO IN PROGRAMMA!<\/h3>\r\n\t\t\t<\/div>\r\n\t\t\t<\/div>\r\n\t[\/vc_column][\/vc_row][vc_row 0=&#8221;&#8221;][vc_column 0=&#8221;&#8221;]<hr class=\"vertical-space2\">[\/vc_column][\/vc_row][vc_row 0=&#8221;&#8221;][vc_column 0=&#8221;&#8221;][vc_row_inner 0=&#8221;&#8221;][vc_column_inner width=&#8221;1\/3&#8243;]<article class=\"icon-box15\" ><a href=\"http:\/\/www.sandomenicoabate.it\/sito\/contatti\/\"><img src=\"https:\/\/i0.wp.com\/www.sandomenicoabate.it\/sito\/wp-content\/uploads\/2018\/10\/ICONE-Pulsanti-Visite-1.png?w=940\" data-recalc-dims=\"1\" \/><\/a><h4><\/h4><p>L'Abbazia \u00e8 visitabile tutti i giorni,dalle ore 9:00 alle 19:00. Per chiedere informazioni clicca sul pulsante in basso<br \/>\n<\/p><a  class=\"magicmore\" href=\"http:\/\/www.sandomenicoabate.it\/sito\/contatti\/\">Informazioni<\/a><\/article>[\/vc_column_inner][vc_column_inner width=&#8221;1\/3&#8243;]<article class=\"icon-box15\" ><img src=\"https:\/\/i0.wp.com\/www.sandomenicoabate.it\/sito\/wp-content\/uploads\/2018\/10\/ICONE-Pulsanti-Orario-Messe.png?w=940\" data-recalc-dims=\"1\" \/><h4><\/h4><p><strong>GIORNI FERIALI<\/strong><br \/>\nMattina - ore 07.00<\/p>\n<p><strong>GIORNI FESTIVI<\/strong><br \/>\nMattina ore 7:00 - 9:00 - 11:00<br \/>\nPomeriggio - ore 17.00 (Estivo: ore 18:00)<\/p><\/article>[\/vc_column_inner][vc_column_inner width=&#8221;1\/3&#8243;]<article class=\"icon-box15\" ><a href=\"http:\/\/www.sandomenicoabate.it\/sito\/contatti\/\"><img src=\"https:\/\/i0.wp.com\/www.sandomenicoabate.it\/sito\/wp-content\/uploads\/2018\/10\/ICONE-Pulsanti-Informazioni.png?w=940\" data-recalc-dims=\"1\" \/><\/a><h4><\/h4><p><strong>Mail:<\/strong> info@sandomenicoabate.it<br \/>\n<strong>Mail:<\/strong> felice1961@gmail.com<\/p>\n<p><strong>Tel.:<\/strong> +39 0776 811276<br \/>\n<strong>Cell.:<\/strong> +39 3397455527 - Don Sante<br \/>\n<strong>Cell.:<\/strong> +39 3405914712 - Don Felice<br \/>\n<\/p><a  class=\"magicmore\" href=\"http:\/\/www.sandomenicoabate.it\/sito\/contatti\/\">Messaggio Istantaneo<\/a><\/article>[\/vc_column_inner][\/vc_row_inner][\/vc_column][\/vc_row][vc_row row_type=&#8221;1&#8243;][vc_column css=&#8221;.vc_custom_1539356517699{background-color: #f6f4f5 !important;}&#8221;]<hr class=\"vertical-space3\"><hr class=\"vertical-space3\">[\/vc_column][\/vc_row][vc_row 0=&#8221;&#8221;][vc_column 0=&#8221;&#8221;]<hr class=\"vertical-space3\">[vc_row_inner 0=&#8221;&#8221;][vc_column_inner width=&#8221;1\/3&#8243;]<article class=\"icon-box15\" ><a href=\"http:\/\/www.intserv.it\/sandomenico\/la-storia\/#abatedomenico\"><img src=\"https:\/\/i0.wp.com\/www.sandomenicoabate.it\/sito\/wp-content\/uploads\/2018\/10\/San-Domenico-Abate-Sora-Il-Santo-Notari.png?w=940\" data-recalc-dims=\"1\" \/><\/a><h4>Il Santo<\/h4><p>Domenico, nasce a Foligno, nel 951, da Giovanni e Ampa. \u00c8 stato un abate italiano, riformatore della vita monastica a cavallo tra il X e l'XI secolo.<br \/>\n<\/p><a  class=\"magicmore\" href=\"http:\/\/www.intserv.it\/sandomenico\/la-storia\/#abatedomenico\"><strong>Leggi Ancora<\/strong><\/a><\/article>[\/vc_column_inner][vc_column_inner width=&#8221;1\/3&#8243;]<article class=\"icon-box15\" ><a href=\"http:\/\/www.intserv.it\/sandomenico\/la-storia\/#abbaziasandomenico\"><img src=\"https:\/\/i0.wp.com\/www.sandomenicoabate.it\/sito\/wp-content\/uploads\/2018\/10\/San-Domenico-Abate-Sora-La-Facciata.png?w=940\" data-recalc-dims=\"1\" \/><\/a><h4>La Storia<\/h4><p>L'Abbazia di San Domenico di Sora, innalzata, con decreto del 12 Febbraio 2011, al titolo e dignit\u00e0 di Basilica Minore dalla Congregazione del Culto Divino ...<\/p><a  class=\"magicmore\" href=\"http:\/\/www.intserv.it\/sandomenico\/la-storia\/#abbaziasandomenico\"><strong>Leggi Ancora<\/strong><\/a><\/article>[\/vc_column_inner][vc_column_inner width=&#8221;1\/3&#8243;]<article class=\"icon-box15\" ><a href=\"http:\/\/www.sandomenicoabate.it\/sito\/san-domenico-insignita-del-titolo-basilica-minore\/\"><img src=\"https:\/\/i0.wp.com\/www.sandomenicoabate.it\/sito\/wp-content\/uploads\/2018\/10\/San-Domenico-Abate-Sora-Intitolazione-Basilica.png?w=940\" data-recalc-dims=\"1\" \/><\/a><h4>Decreto: il titolo di Basilica<\/h4><p>Il 12 Febbraio 2011, la Congregazione per il Culto Divino e la Disciplina dei Sacramenti, concede, secondo il decreto ``De titulo Basilicae Minoris`` ...<\/p><a  class=\"magicmore\" href=\"http:\/\/www.sandomenicoabate.it\/sito\/san-domenico-insignita-del-titolo-basilica-minore\/\"><strong>Leggi Ancora<\/strong><\/a><\/article>[\/vc_column_inner][\/vc_row_inner][\/vc_column][\/vc_row][vc_row row_type=&#8221;2&#8243; blox_padding_top=&#8221;70px&#8221; blox_padding_bottom=&#8221;70px&#8221; blox_bgcolor=&#8221;#f6f4f5&#8243;][vc_column 0=&#8221;&#8221;]<div class=\"sub-content\"><h6 class=\"h-sub-content\">Ultime Notizie<\/h6><\/div><hr class=\"vertical-space2\"><article id=\"post-9603\" class=\"blog-post blgtyp1  post-9603 post type-post status-publish format-standard has-post-thumbnail hentry category-news category-notizie\">\r\n<div class=\"blog-mtdt-lft\">\r\n<h6 class=\"blog-date-d\">22<\/h6>\r\n<h6 class=\"blog-date-my\">Ago 2022<\/h6>\r\n<\/div>\r\n<div class=\"blog-inner-cs\">\r\n\t<a href=\"http:\/\/www.sandomenicoabate.it\/sito\/solenne-celebrazione-don-loreto-camill\/\" title=\"Solenne Celebrazione don Loreto Camill\"><img src=\"https:\/\/i0.wp.com\/www.sandomenicoabate.it\/sito\/wp-content\/uploads\/2022\/09\/Sa-Domenico-Abate-Solenne-Celebrazione-2022-08-22-Copertina.jpg?resize=940%2C297\" alt=\"Solenne Celebrazione don Loreto Camill\" class=\"landscape full\" width=\"940\" height=\"297\" itemprop=\"image\" data-recalc-dims=\"1\" \/><\/a> \r\n\t<div class=\"col-md-12 omega alpha\">\r\n\t\t<div class=\"blgt1-top-sec\">\r\n\t\t\t\t\t\t\t\t<h3><a href=\"http:\/\/www.sandomenicoabate.it\/sito\/solenne-celebrazione-don-loreto-camill\/\">Solenne Celebrazione don Loreto Camill<\/a><\/h3> \t\t<\/div>\r\n\t\t<div class=\"postmetadata\">\r\n<h6 class=\"blog-author\"><i class=\"fa-user\"><\/i><a href=\"http:\/\/www.sandomenicoabate.it\/sito\/author\/admin\/\" title=\"Articoli scritti da serenrico\" rel=\"author\">serenrico<\/a> <\/h6>\r\n<h6 class=\"blog-cat\"><i class=\"fa-folder-open\"><\/i> <a href=\"http:\/\/www.sandomenicoabate.it\/sito\/category\/news\/\" rel=\"category tag\">News<\/a>, <a href=\"http:\/\/www.sandomenicoabate.it\/sito\/category\/notizie\/\" rel=\"category tag\">Notizie<\/a> <\/h6>\r\n\t\t<h6 class=\"blog-comments\"><i class=\"fa-comments\"><\/i> Nessun commento <\/h6>\r\n\t  <\/div>\r\n\t<div class=\"blgt1-inner\">\r\n <p>Alcuni Momenti della Solenne Celebrazione delle ore 11.00 presieduta dall\u2019Abate di Casamari don. Loreto Camilli Foto: Mario Tomassi... <br><br><a class=\"readmore\" href=\"http:\/\/www.sandomenicoabate.it\/sito\/solenne-celebrazione-don-loreto-camill\/\">Read More<\/a><\/p>\t    <\/div>\r\n\r\n\t<\/div>\r\n\t<hr class=\"vertical-space1\">\r\n\t<\/div>\r\n<\/article><div class=\"row\"><div class=\"col-md-6 blg-typ3\">\r\n<article id=\"post-9565\" class=\"blog-post blgtyp3 post-9565 post type-post status-publish format-standard has-post-thumbnail hentry category-notizie tag-celebrazioni tag-tutti-i-santi\">\r\n\r\n\r\n\t <div class=\"blg-typ3-thumb\">\r\n\t\t<a href=\"http:\/\/www.sandomenicoabate.it\/sito\/sora-celebrazione-di-tutti-i-santi\/\" title=\"SORA - CELEBRAZIONE NELLA FESTA DI TUTTI I SANTI - [Le Foto]\"><img src=\"https:\/\/i0.wp.com\/www.sandomenicoabate.it\/sito\/wp-content\/uploads\/2018\/11\/2018-11-01-Basilica-Minore-Abazia-San-Domenico-Abate-Celebrazione-Tutti-i-Santi-Copertina-1.jpeg?resize=420%2C280\" alt=\"SORA - CELEBRAZIONE NELLA FESTA DI TUTTI I SANTI - [Le Foto]\" class=\"landscape thumbnail blog3_thumb\" width=\"420\" height=\"280\" itemprop=\"image\" \/><\/a>\t\t<br>\r\n\t<\/div>\r\n\t<div class=\"blg-typ3-content\">\r\n\t\t\r\n\t\t\t\r\n<h6 class=\"blog-date\">Novembre 05, 2018<\/h6>\r\n\t\t\t\t\t\t<h3><a href=\"http:\/\/www.sandomenicoabate.it\/sito\/sora-celebrazione-di-tutti-i-santi\/\">SORA &#8211; CELEBRAZIONE NELLA FESTA DI TUTTI I SANTI &#8211; [Le Foto]<\/a><\/h3> \r\n\t<p>Pubblichiamo alcuni scatti che riprendono dei momenti della celebrazione nella festa di tutti i Santi nell&#8217;Abazzia di San Domenico Abate:<\/p>\t\r\n\t <div class=\"postmetadata\">\r\n\t\t\t\r\n\t\t<h6 class=\"blog-author\">by <a href=\"http:\/\/www.sandomenicoabate.it\/sito\/author\/admin\/\" title=\"Articoli scritti da serenrico\" rel=\"author\">serenrico<\/a> <\/h6>\r\n\t\t\t\t<h6 class=\"blog-cat\">in <a href=\"http:\/\/www.sandomenicoabate.it\/sito\/category\/notizie\/\" rel=\"category tag\">Notizie<\/a> <\/h6>\r\n\t\t\r\n\t <\/div>\r\n\t\t\r\n\t<\/div>\r\n<hr class=\"vertical-space1\">\r\n<\/article><\/div><div class=\"col-md-6 blg-typ3\">\r\n<article id=\"post-9547\" class=\"blog-post blgtyp3 post-9547 post type-post status-publish format-standard has-post-thumbnail hentry category-pubblicazioni tag-abbazia tag-capodacqua-di-foligno tag-millenario tag-villalago\">\r\n\r\n\r\n\t <div class=\"blg-typ3-thumb\">\r\n\t\t<a href=\"http:\/\/www.sandomenicoabate.it\/sito\/il-millenario-dellabbazia\/\" title=\"IL MILLENARIO DELL&#039;ABBAZIA\"><img src=\"https:\/\/i0.wp.com\/www.sandomenicoabate.it\/sito\/wp-content\/uploads\/2018\/11\/2018-10-29-Basilica-Minore-Abazia-San-Domenico-Abate-IL-Millenario-Copertina.jpg?resize=420%2C280\" alt=\"IL MILLENARIO DELL&#039;ABBAZIA\" class=\"landscape thumbnail blog3_thumb\" width=\"420\" height=\"280\" itemprop=\"image\" \/><\/a>\t\t<br>\r\n\t<\/div>\r\n\t<div class=\"blg-typ3-content\">\r\n\t\t\r\n\t\t\t\r\n<h6 class=\"blog-date\">Novembre 05, 2018<\/h6>\r\n\t\t\t\t\t\t<h3><a href=\"http:\/\/www.sandomenicoabate.it\/sito\/il-millenario-dellabbazia\/\">IL MILLENARIO DELL&#8217;ABBAZIA<\/a><\/h3> \r\n\t<p>Custodire le radici per vivere il tempo Il fare memoria dei mille anni di fondazione della nostra abbazia \u00e8 stato occasione per la comunit\u00e0 monastica, insieme alla comunit\u00e0 parrocchiale, di scavare fino in fondo alla...<\/p>\t\r\n\t <div class=\"postmetadata\">\r\n\t\t\t\r\n\t\t<h6 class=\"blog-author\">by <a href=\"http:\/\/www.sandomenicoabate.it\/sito\/author\/redazione\/\" title=\"Articoli scritti da @ Redazione\" rel=\"author\">@ Redazione<\/a> <\/h6>\r\n\t\t\t\t<h6 class=\"blog-cat\">in <a href=\"http:\/\/www.sandomenicoabate.it\/sito\/category\/pubblicazioni\/\" rel=\"category tag\">Pubblicazioni<\/a> <\/h6>\r\n\t\t\r\n\t <\/div>\r\n\t\t\r\n\t<\/div>\r\n<hr class=\"vertical-space1\">\r\n<\/article><\/div><div class=\"col-md-6 blg-typ3\">\r\n<article id=\"post-9536\" class=\"blog-post blgtyp3 post-9536 post type-post status-publish format-standard has-post-thumbnail hentry category-notizie tag-basilica-minore tag-fondazione tag-millenario\">\r\n\r\n\r\n\t <div class=\"blg-typ3-thumb\">\r\n\t\t<a href=\"http:\/\/www.sandomenicoabate.it\/sito\/san-domenico-insignita-del-titolo-basilica-minore\/\" title=\"SAN DOMENICO INSIGNITA DEL TITOLO BASILICA MINORE\"><img src=\"https:\/\/i0.wp.com\/www.sandomenicoabate.it\/sito\/wp-content\/uploads\/2018\/11\/San-Domenico-Abate-Sora-Abbazia-Nomina-a-Basilica-Minore-Copertina-News.jpg?resize=420%2C280\" alt=\"SAN DOMENICO INSIGNITA DEL TITOLO BASILICA MINORE\" class=\"landscape thumbnail blog3_thumb\" width=\"420\" height=\"280\" itemprop=\"image\" \/><\/a>\t\t<br>\r\n\t<\/div>\r\n\t<div class=\"blg-typ3-content\">\r\n\t\t\r\n\t\t\t\r\n<h6 class=\"blog-date\">Novembre 01, 2018<\/h6>\r\n\t\t\t\t\t\t<h3><a href=\"http:\/\/www.sandomenicoabate.it\/sito\/san-domenico-insignita-del-titolo-basilica-minore\/\">SAN DOMENICO INSIGNITA DEL TITOLO BASILICA MINORE<\/a><\/h3> \r\n\t<p>SENSO E IMPEGNI DEL TITOLO CONCESSO Alcune chiese, per la loro particolare importanza storica, artistica o religiosa, possono essere insignite dal Sommo Pontefice del titolo di Basilica Minore, con cui si esprime un particolare vincolo...<\/p>\t\r\n\t <div class=\"postmetadata\">\r\n\t\t\t\r\n\t\t<h6 class=\"blog-author\">by <a href=\"http:\/\/www.sandomenicoabate.it\/sito\/author\/redazione\/\" title=\"Articoli scritti da @ Redazione\" rel=\"author\">@ Redazione<\/a> <\/h6>\r\n\t\t\t\t<h6 class=\"blog-cat\">in <a href=\"http:\/\/www.sandomenicoabate.it\/sito\/category\/notizie\/\" rel=\"category tag\">Notizie<\/a> <\/h6>\r\n\t\t\r\n\t <\/div>\r\n\t\t\r\n\t<\/div>\r\n<hr class=\"vertical-space1\">\r\n<\/article><\/div><div class=\"col-md-6 blg-typ3\">\r\n<article id=\"post-9504\" class=\"blog-post blgtyp3 post-9504 post type-post status-publish format-standard has-post-thumbnail hentry category-notizie tag-catechisti tag-don-felice tag-mandato\">\r\n\r\n\r\n\t <div class=\"blg-typ3-thumb\">\r\n\t\t<a href=\"http:\/\/www.sandomenicoabate.it\/sito\/sora-consegna-dei-mandati-ai-catechisti\/\" title=\"SORA - CONSEGNA DEI MANDATI AI CATECHISTI\"><img src=\"https:\/\/i0.wp.com\/www.sandomenicoabate.it\/sito\/wp-content\/uploads\/2018\/10\/2018-10-30-Basilica-Minore-Abbazia-San-Domenico-Abate-Mandato-alle-Catechiste-Copertina.jpg?resize=420%2C280\" alt=\"SORA - CONSEGNA DEI MANDATI AI CATECHISTI\" class=\"landscape thumbnail blog3_thumb\" width=\"420\" height=\"280\" itemprop=\"image\" \/><\/a>\t\t<br>\r\n\t<\/div>\r\n\t<div class=\"blg-typ3-content\">\r\n\t\t\r\n\t\t\t\r\n<h6 class=\"blog-date\">Ottobre 30, 2018<\/h6>\r\n\t\t\t\t\t\t<h3><a href=\"http:\/\/www.sandomenicoabate.it\/sito\/sora-consegna-dei-mandati-ai-catechisti\/\">SORA &#8211; CONSEGNA DEI MANDATI AI CATECHISTI<\/a><\/h3> \r\n\t<p>Si \u00e8 svolta domenica, nell&#8217;Abbazia di San domenico Abate, la consegna dei mandati ai Catechisti. Ogni inizio di Anno Catechistico, in una Messa comunitaria i bambini vengono indicati alla Parrocchia come membri della stessa famiglia...<\/p>\t\r\n\t <div class=\"postmetadata\">\r\n\t\t\t\r\n\t\t<h6 class=\"blog-author\">by <a href=\"http:\/\/www.sandomenicoabate.it\/sito\/author\/redazione\/\" title=\"Articoli scritti da @ Redazione\" rel=\"author\">@ Redazione<\/a> <\/h6>\r\n\t\t\t\t<h6 class=\"blog-cat\">in <a href=\"http:\/\/www.sandomenicoabate.it\/sito\/category\/notizie\/\" rel=\"category tag\">Notizie<\/a> <\/h6>\r\n\t\t\r\n\t <\/div>\r\n\t\t\r\n\t<\/div>\r\n<hr class=\"vertical-space1\">\r\n<\/article><\/div><div class=\"col-md-6 blg-typ3\">\r\n<article id=\"post-9449\" class=\"blog-post blgtyp3 post-9449 post type-post status-publish format-standard has-post-thumbnail hentry category-pubblicazioni tag-abbatis tag-domini tag-imago tag-san-domenico-abate tag-sancti\">\r\n\r\n\r\n\t <div class=\"blg-typ3-thumb\">\r\n\t\t<a href=\"http:\/\/www.sandomenicoabate.it\/sito\/imago-sancti-dominici-abbatis\/\" title=\"IMAGO SANCTI DOMINICI ABBATIS\"><img src=\"https:\/\/i0.wp.com\/www.sandomenicoabate.it\/sito\/wp-content\/uploads\/2018\/10\/2018-10-28-Abbazia-Basilica-Minore-San-Domenico-Abate-San-Domenico-Abate-IMAGO-SANCTI-DOMINI-ABBATIS-Copertina.jpg?resize=420%2C280\" alt=\"IMAGO SANCTI DOMINICI ABBATIS\" class=\"landscape thumbnail blog3_thumb\" width=\"420\" height=\"280\" itemprop=\"image\" \/><\/a>\t\t<br>\r\n\t<\/div>\r\n\t<div class=\"blg-typ3-content\">\r\n\t\t\r\n\t\t\t\r\n<h6 class=\"blog-date\">Ottobre 28, 2018<\/h6>\r\n\t\t\t\t\t\t<h3><a href=\"http:\/\/www.sandomenicoabate.it\/sito\/imago-sancti-dominici-abbatis\/\">IMAGO SANCTI DOMINICI ABBATIS<\/a><\/h3> \r\n\t<p>Con piacere premetto alcune considerazioni al presente lavoro di rassegna iconografica su san Domenico abate quale contributo per una maggiore conoscenza e di venerazione del santo di Foligno. &#8220;Il Verbo si fece carne e dimor\u00f2...<\/p>\t\r\n\t <div class=\"postmetadata\">\r\n\t\t\t\r\n\t\t<h6 class=\"blog-author\">by <a href=\"http:\/\/www.sandomenicoabate.it\/sito\/author\/redazione\/\" title=\"Articoli scritti da @ Redazione\" rel=\"author\">@ Redazione<\/a> <\/h6>\r\n\t\t\t\t<h6 class=\"blog-cat\">in <a href=\"http:\/\/www.sandomenicoabate.it\/sito\/category\/pubblicazioni\/\" rel=\"category tag\">Pubblicazioni<\/a> <\/h6>\r\n\t\t\r\n\t <\/div>\r\n\t\t\r\n\t<\/div>\r\n<hr class=\"vertical-space1\">\r\n<\/article><\/div><div class=\"col-md-6 blg-typ3\">\r\n<article id=\"post-9430\" class=\"blog-post blgtyp3 post-9430 post type-post status-publish format-standard has-post-thumbnail hentry category-pubblicazioni tag-consacrazione-chiesa-abbaziale tag-iii-centenario tag-raffaele-monaco-la-valletta tag-riforma-trappista\">\r\n\r\n\r\n\t <div class=\"blg-typ3-thumb\">\r\n\t\t<a href=\"http:\/\/www.sandomenicoabate.it\/sito\/iii-centenario-della-riforma-trappista-140-anni-consacrazione-della-chiesa-abbaziale\/\" title=\"III CENTENARIO DELLA RIFORMA TRAPPISTA - 140 ANNI CONSACRAZIONE DELLA CHIESA ABBAZIALE\"><img src=\"https:\/\/i0.wp.com\/www.sandomenicoabate.it\/sito\/wp-content\/uploads\/2018\/10\/2018-10-21-Abbazia-Basilica-Minore-San-Domenico-Abate-III-Centenario-riforma-trappista-140-anni-consacrazione-chiesa-abbaziale-Copertina.jpg?resize=420%2C280\" alt=\"III CENTENARIO DELLA RIFORMA TRAPPISTA - 140 ANNI CONSACRAZIONE DELLA CHIESA ABBAZIALE\" class=\"landscape thumbnail blog3_thumb\" width=\"420\" height=\"280\" itemprop=\"image\" \/><\/a>\t\t<br>\r\n\t<\/div>\r\n\t<div class=\"blg-typ3-content\">\r\n\t\t\r\n\t\t\t\r\n<h6 class=\"blog-date\">Ottobre 26, 2018<\/h6>\r\n\t\t\t\t\t\t<h3><a href=\"http:\/\/www.sandomenicoabate.it\/sito\/iii-centenario-della-riforma-trappista-140-anni-consacrazione-della-chiesa-abbaziale\/\">III CENTENARIO DELLA RIFORMA TRAPPISTA &#8211; 140 ANNI CONSACRAZIONE DELLA CHIESA ABBAZIALE<\/a><\/h3> \r\n\t<p>Infiorata in occasione del III centenario della riforma trappista e dei 140 anni della consacrazione della chiesa abbaziale Nella tradizionale infiorata in occasione della solennit\u00e0 del Corpus Domini dello scorso anno, la comunit\u00e0 monastica di...<\/p>\t\r\n\t <div class=\"postmetadata\">\r\n\t\t\t\r\n\t\t<h6 class=\"blog-author\">by <a href=\"http:\/\/www.sandomenicoabate.it\/sito\/author\/redazione\/\" title=\"Articoli scritti da @ Redazione\" rel=\"author\">@ Redazione<\/a> <\/h6>\r\n\t\t\t\t<h6 class=\"blog-cat\">in <a href=\"http:\/\/www.sandomenicoabate.it\/sito\/category\/pubblicazioni\/\" rel=\"category tag\">Pubblicazioni<\/a> <\/h6>\r\n\t\t\r\n\t <\/div>\r\n\t\t\r\n\t<\/div>\r\n<hr class=\"vertical-space1\">\r\n<\/article><\/div><div class=\"col-md-6 blg-typ3\">\r\n<article id=\"post-9418\" class=\"blog-post blgtyp3 post-9418 post type-post status-publish format-standard has-post-thumbnail hentry category-la-storia tag-fr-stefano tag-stefano-casareggio tag-vita-monastica\">\r\n\r\n\r\n\t <div class=\"blg-typ3-thumb\">\r\n\t\t<a href=\"http:\/\/www.sandomenicoabate.it\/sito\/la-storia-fr-stefano\/\" title=\"LA STORIA - FR. STEFANO\"><img src=\"https:\/\/i0.wp.com\/www.sandomenicoabate.it\/sito\/wp-content\/uploads\/2018\/10\/2018-10-21-Abbazia-Basilica-Minore-San-Domenico-Abate-Frate-Stefano-Francesco-Casareggio-Ragguaglio-della-sua-Vita.jpg?resize=420%2C280\" alt=\"LA STORIA - FR. STEFANO\" class=\"landscape thumbnail blog3_thumb\" width=\"420\" height=\"280\" itemprop=\"image\" \/><\/a>\t\t<br>\r\n\t<\/div>\r\n\t<div class=\"blg-typ3-content\">\r\n\t\t\r\n\t\t\t\r\n<h6 class=\"blog-date\">Ottobre 23, 2018<\/h6>\r\n\t\t\t\t\t\t<h3><a href=\"http:\/\/www.sandomenicoabate.it\/sito\/la-storia-fr-stefano\/\">LA STORIA &#8211; FR. STEFANO<\/a><\/h3> \r\n\t<p>La storia degli Ordini monastici annovera uno stuolo pi\u00f9 o meno numeroso di testimoni della sequela radicale di Cristo i quali, dopo aver condotto nel mondo una vita dissoluta e sfrenata, docili all&#8217;influsso della grazia...<\/p>\t\r\n\t <div class=\"postmetadata\">\r\n\t\t\t\r\n\t\t<h6 class=\"blog-author\">by <a href=\"http:\/\/www.sandomenicoabate.it\/sito\/author\/redazione\/\" title=\"Articoli scritti da @ Redazione\" rel=\"author\">@ Redazione<\/a> <\/h6>\r\n\t\t\t\t<h6 class=\"blog-cat\">in <a href=\"http:\/\/www.sandomenicoabate.it\/sito\/category\/la-storia\/\" rel=\"category tag\">La Storia<\/a> <\/h6>\r\n\t\t\r\n\t <\/div>\r\n\t\t\r\n\t<\/div>\r\n<hr class=\"vertical-space1\">\r\n<\/article><\/div><div class=\"col-md-6 blg-typ3\">\r\n<article id=\"post-9398\" class=\"blog-post blgtyp3 post-9398 post type-post status-publish format-standard has-post-thumbnail hentry category-notizie tag-divin-salvatore tag-giornata-mondiale-missionaria tag-giovani tag-papa-francesco tag-suor-teresina\">\r\n\r\n\r\n\t <div class=\"blg-typ3-thumb\">\r\n\t\t<a href=\"http:\/\/www.sandomenicoabate.it\/sito\/sora-giornata-mondiale-missionaria\/\" title=\"SORA - GIORNATA MONDIALE MISSIONARIA\"><img src=\"https:\/\/i0.wp.com\/www.sandomenicoabate.it\/sito\/wp-content\/uploads\/2018\/10\/2018-10-21-Abbazia-Basilica-Minore-San-Domenico-Abate-GIornata-Mondiale-Missionaria-0028.jpeg?resize=420%2C280\" alt=\"SORA - GIORNATA MONDIALE MISSIONARIA\" class=\"landscape thumbnail blog3_thumb\" width=\"420\" height=\"280\" itemprop=\"image\" \/><\/a>\t\t<br>\r\n\t<\/div>\r\n\t<div class=\"blg-typ3-content\">\r\n\t\t\r\n\t\t\t\r\n<h6 class=\"blog-date\">Ottobre 22, 2018<\/h6>\r\n\t\t\t\t\t\t<h3><a href=\"http:\/\/www.sandomenicoabate.it\/sito\/sora-giornata-mondiale-missionaria\/\">SORA &#8211; GIORNATA MONDIALE MISSIONARIA<\/a><\/h3> \r\n\t<p>Si \u00e8 celebrata ieri la &#8216;Giornata Mondiale missionaria&#8217;. Riportiamo uno stralcio del messaggio di Papa Francesco: La vita \u00e8 una missione Ogni uomo e donna\u00a0\u00e8\u00a0una missione, e questa \u00e8 la ragione per cui si trova...<\/p>\t\r\n\t <div class=\"postmetadata\">\r\n\t\t\t\r\n\t\t<h6 class=\"blog-author\">by <a href=\"http:\/\/www.sandomenicoabate.it\/sito\/author\/redazione\/\" title=\"Articoli scritti da @ Redazione\" rel=\"author\">@ Redazione<\/a> <\/h6>\r\n\t\t\t\t<h6 class=\"blog-cat\">in <a href=\"http:\/\/www.sandomenicoabate.it\/sito\/category\/notizie\/\" rel=\"category tag\">Notizie<\/a> <\/h6>\r\n\t\t\r\n\t <\/div>\r\n\t\t\r\n\t<\/div>\r\n<hr class=\"vertical-space1\">\r\n<\/article><\/div><\/div><hr class=\"vertical-space2\">[\/vc_column][\/vc_row][vc_row 0=&#8221;&#8221;][vc_column 0=&#8221;&#8221;]<hr class=\"vertical-space4\"><div class=\"sub-content\"><h6 class=\"h-sub-content\">Prossimo Evento<\/h6><\/div><hr class=\"vertical-space2\"><div class=\"container events event-grid\"><\/div>[\/vc_column][\/vc_row]\n","protected":false},"excerpt":{"rendered":"<p>[vc_row row_type=&#8221;1&#8243;][vc_column 0=&#8221;&#8221;][rev_slider_vc alias=&#8221;home&#8221;][\/vc_column][\/vc_row][vc_row row_type=&#8221;2&#8243; blox_padding_top=&#8221;30&#8243; blox_padding_bottom=&#8221;45&#8243; blox_dark=&#8221;true&#8221; blox_bgcolor=&#8221;#202020&#8243;][vc_column 0=&#8221;&#8221;][\/vc_column][\/vc_row][vc_row 0=&#8221;&#8221;][vc_column 0=&#8221;&#8221;][\/vc_column][\/vc_row][vc_row 0=&#8221;&#8221;][vc_column 0=&#8221;&#8221;][vc_row_inner 0=&#8221;&#8221;][vc_column_inner width=&#8221;1\/3&#8243;][\/vc_column_inner][vc_column_inner width=&#8221;1\/3&#8243;][\/vc_column_inner][vc_column_inner width=&#8221;1\/3&#8243;][\/vc_column_inner][\/vc_row_inner][\/vc_column][\/vc_row][vc_row row_type=&#8221;1&#8243;][vc_column css=&#8221;.vc_custom_1539356517699{background-color: #f6f4f5 !important;}&#8221;][\/vc_column][\/vc_row][vc_row 0=&#8221;&#8221;][vc_column 0=&#8221;&#8221;][vc_row_inner 0=&#8221;&#8221;][vc_column_inner width=&#8221;1\/3&#8243;][\/vc_column_inner][vc_column_inner width=&#8221;1\/3&#8243;][\/vc_column_inner][vc_column_inner width=&#8221;1\/3&#8243;][\/vc_column_inner][\/vc_row_inner][\/vc_column][\/vc_row][vc_row row_type=&#8221;2&#8243; blox_padding_top=&#8221;70px&#8221; blox_padding_bottom=&#8221;70px&#8221; blox_bgcolor=&#8221;#f6f4f5&#8243;][vc_column 0=&#8221;&#8221;][\/vc_column][\/vc_row][vc_row 0=&#8221;&#8221;][vc_column 0=&#8221;&#8221;][\/vc_column][\/vc_row]<\/p>\n","protected":false},"author":1,"featured_media":0,"parent":0,"menu_order":0,"comment_status":"closed","ping_status":"open","template":"","meta":{"_mi_skip_tracking":false},"jetpack_shortlink":"https:\/\/wp.me\/PaqpNf-1iY","_links":{"self":[{"href":"http:\/\/www.sandomenicoabate.it\/sito\/wp-json\/wp\/v2\/pages\/5020"}],"collection":[{"href":"http:\/\/www.sandomenicoabate.it\/sito\/wp-json\/wp\/v2\/pages"}],"about":[{"href":"http:\/\/www.sandomenicoabate.it\/sito\/wp-json\/wp\/v2\/types\/page"}],"author":[{"embeddable":true,"href":"http:\/\/www.sandomenicoabate.it\/sito\/wp-json\/wp\/v2\/users\/1"}],"replies":[{"embeddable":true,"href":"http:\/\/www.sandomenicoabate.it\/sito\/wp-json\/wp\/v2\/comments?post=5020"}],"version-history":[{"count":116,"href":"http:\/\/www.sandomenicoabate.it\/sito\/wp-json\/wp\/v2\/pages\/5020\/revisions"}],"predecessor-version":[{"id":9596,"href":"http:\/\/www.sandomenicoabate.it\/sito\/wp-json\/wp\/v2\/pages\/5020\/revisions\/9596"}],"wp:attachment":[{"href":"http:\/\/www.sandomenicoabate.it\/sito\/wp-json\/wp\/v2\/media?parent=5020"}],"curies":[{"name":"wp","href":"https:\/\/api.w.org\/{rel}","templated":true}]}}